{"id":126,"date":"2021-03-26T10:47:00","date_gmt":"2021-03-26T09:47:00","guid":{"rendered":"http:\/\/erca32.fr\/?page_id=126"},"modified":"2021-03-26T11:57:56","modified_gmt":"2021-03-26T10:57:56","slug":"participez","status":"publish","type":"page","link":"https:\/\/erca32.fr\/index.php\/participez\/","title":{"rendered":"Participez \u00e0 ERCA !"},"content":{"rendered":"<div id=\"pl-126\"  class=\"panel-layout\" ><div id=\"pg-126-0\"  class=\"panel-grid panel-no-style\" ><div id=\"pgc-126-0-0\"  class=\"panel-grid-cell\" ><div id=\"panel-126-0-0-0\" class=\"so-panel widget widget_sow-editor panel-first-child\" data-index=\"0\" ><div\n\t\t\t\n\t\t\tclass=\"so-widget-sow-editor so-widget-sow-editor-base\"\n\t\t\t\n\t\t><h3 class=\"widget-title\">D\u00e9claration d\u2019intention de participation au capital social de la soci\u00e9t\u00e9 ERCA<\/h3>\n<div class=\"siteorigin-widget-tinymce textwidget\">\n\t<p>(Energies Renouvelables et Collectives en Astarac)<\/p>\n<p>&nbsp;<\/p>\n<\/div>\n<\/div><\/div><div id=\"panel-126-0-0-1\" class=\"so-panel widget widget_sow-editor panel-last-child\" data-index=\"1\" ><div\n\t\t\t\n\t\t\tclass=\"so-widget-sow-editor so-widget-sow-editor-base\"\n\t\t\t\n\t\t>\n<div class=\"siteorigin-widget-tinymce textwidget\">\n\t<div class=\"caldera-grid\" id=\"caldera_form_1\" data-cf-ver=\"1.9.6\" data-cf-form-id=\"CF605dad3695ffc\"><div id=\"caldera_notices_1\" data-spinner=\"https:\/\/erca32.fr\/wp-admin\/images\/spinner.gif\"><\/div><form data-instance=\"1\" class=\"CF605dad3695ffc caldera_forms_form\" method=\"POST\" enctype=\"multipart\/form-data\" id=\"CF605dad3695ffc_1\" data-form-id=\"CF605dad3695ffc\" aria-label=\"Participation\">\r\n<input type=\"hidden\" id=\"_cf_verify_CF605dad3695ffc\" name=\"_cf_verify\" value=\"5f125a43f9\"  data-nonce-time=\"1777334461\" \/><input type=\"hidden\" name=\"_wp_http_referer\" value=\"\/index.php\/wp-json\/wp\/v2\/pages\/126\" \/><div id=\"cf2-CF605dad3695ffc_1\"><\/div><input type=\"hidden\" name=\"_cf_frm_id\" value=\"CF605dad3695ffc\">\r\n<input type=\"hidden\" name=\"_cf_frm_ct\" value=\"1\">\r\n<input type=\"hidden\" name=\"_cf_cr_pst\" value=\"126\">\r\n<div class=\"hide\" style=\"display:none; overflow:hidden;height:0;width:0;\">\r\n<label>Order Number<\/label><input type=\"text\" name=\"order_number\" value=\"\" autocomplete=\"off\">\r\n<\/div><div id=\"CF605dad3695ffc_1-row-1\"  class=\"row  first_row\"><div  class=\"col-sm-12  single\"><div class=\"\"><h1>1 part = 100 euros<\/h1>\n<p><i>Date limite de r\u00e9ponse\u00a0: 25 avril 2021<\/i><\/p>\n<\/div><hr id=\"fld_6449627_1\" class=\"\" style=\"width: 100%\" \/><div class=\"\"><h3>Vos informations<\/h3>\n<p>Merci de remplir les champs ci-dessous.<\/p>\n<hr>\n<\/div><\/div><\/div><div id=\"CF605dad3695ffc_1-row-2\"  class=\"row \"><div  class=\"col-sm-6  first_col\"><div data-field-wrapper=\"fld_8768091\" class=\"form-group\" id=\"fld_8768091_1-wrap\">\r\n\t<label id=\"fld_8768091Label\" for=\"fld_8768091_1\" class=\"control-label\">Pr\u00e9nom <span aria-hidden=\"true\" role=\"presentation\" class=\"field_required\" style=\"color:#ee0000;\">*<\/span><\/label>\r\n\t<div class=\"\">\r\n\t\t<input   required type=\"text\" data-field=\"fld_8768091\" class=\" form-control\" id=\"fld_8768091_1\" name=\"fld_8768091\" value=\"\" data-type=\"text\" aria-required=\"true\"   aria-labelledby=\"fld_8768091Label\" >\t\t\t<\/div>\r\n<\/div>\r\n<\/div><div  class=\"col-sm-6  last_col\"><div data-field-wrapper=\"fld_9970286\" class=\"form-group\" id=\"fld_9970286_1-wrap\">\r\n\t<label id=\"fld_9970286Label\" for=\"fld_9970286_1\" class=\"control-label\">Nom de famille <span aria-hidden=\"true\" role=\"presentation\" class=\"field_required\" style=\"color:#ee0000;\">*<\/span><\/label>\r\n\t<div class=\"\">\r\n\t\t<input   required type=\"text\" data-field=\"fld_9970286\" class=\" form-control\" id=\"fld_9970286_1\" name=\"fld_9970286\" value=\"\" data-type=\"text\" aria-required=\"true\"   aria-labelledby=\"fld_9970286Label\" >\t\t\t<\/div>\r\n<\/div>\r\n<\/div><\/div><div id=\"CF605dad3695ffc_1-row-3\"  class=\"row \"><div  class=\"col-sm-6  first_col\"><div data-field-wrapper=\"fld_6009157\" class=\"form-group\" id=\"fld_6009157_1-wrap\">\r\n\t<label id=\"fld_6009157Label\" for=\"fld_6009157_1\" class=\"control-label\">Adresse de messagerie <span aria-hidden=\"true\" role=\"presentation\" class=\"field_required\" style=\"color:#ee0000;\">*<\/span><\/label>\r\n\t<div class=\"\">\r\n\t\t<input   required type=\"email\" data-field=\"fld_6009157\" class=\" form-control\" id=\"fld_6009157_1\" name=\"fld_6009157\" value=\"\" data-type=\"email\" aria-required=\"true\"   aria-labelledby=\"fld_6009157Label\" >\t\t\t<\/div>\r\n<\/div>\r\n<\/div><div  class=\"col-sm-6  last_col\"><div data-field-wrapper=\"fld_2386874\" class=\"form-group\" id=\"fld_2386874_1-wrap\">\r\n\t<label id=\"fld_2386874Label\" for=\"fld_2386874_1\" class=\"control-label\">T\u00e9l\u00e9phone <span aria-hidden=\"true\" role=\"presentation\" class=\"field_required\" style=\"color:#ee0000;\">*<\/span><\/label>\r\n\t<div class=\"\">\r\n\t\t<input  data-inputmask=\"'mask': '99 99 99 99 99'\"  required type=\"phone\" data-field=\"fld_2386874\" class=\" form-control\" id=\"fld_2386874_1\" name=\"fld_2386874\" value=\"\" data-type=\"phone\" aria-required=\"true\"   aria-labelledby=\"fld_2386874Label\" >\t\t\t<\/div>\r\n<\/div>\r\n<\/div><\/div><div id=\"CF605dad3695ffc_1-row-4\"  class=\"row \"><div  class=\"col-sm-12  single\"><div data-field-wrapper=\"fld_4640774\" class=\"form-group\" id=\"fld_4640774_1-wrap\">\r\n\t<label id=\"fld_4640774Label\" for=\"fld_4640774_1\" class=\"control-label\">Votre adresse <span aria-hidden=\"true\" role=\"presentation\" class=\"field_required\" style=\"color:#ee0000;\">*<\/span><\/label>\r\n\t<div class=\"\">\r\n\t\t<input   required type=\"text\" data-field=\"fld_4640774\" class=\" form-control\" id=\"fld_4640774_1\" name=\"fld_4640774\" value=\"\" data-type=\"text\" aria-required=\"true\"   aria-labelledby=\"fld_4640774Label\" >\t\t\t<\/div>\r\n<\/div>\r\n<\/div><\/div><div id=\"CF605dad3695ffc_1-row-5\"  class=\"row \"><div  class=\"col-sm-4  first_col\"><div data-field-wrapper=\"fld_3145900\" class=\"form-group\" id=\"fld_3145900_1-wrap\">\r\n\t<label id=\"fld_3145900Label\" for=\"fld_3145900_1\" class=\"control-label\">Code Postal <span aria-hidden=\"true\" role=\"presentation\" class=\"field_required\" style=\"color:#ee0000;\">*<\/span><\/label>\r\n\t<div class=\"\">\r\n\t\t<input  data-inputmask=\"'mask': '99 999'\"  required type=\"number\" data-field=\"fld_3145900\" class=\" form-control\" id=\"fld_3145900_1\" name=\"fld_3145900\" value=\"\" data-type=\"number\" data-parsley-type=\"number\" aria-required=\"true\"   aria-labelledby=\"fld_3145900Label\" >\t\t\t<\/div>\r\n<\/div>\r\n<\/div><div  class=\"col-sm-8  last_col\"><div data-field-wrapper=\"fld_8213868\" class=\"form-group\" id=\"fld_8213868_1-wrap\">\r\n\t<label id=\"fld_8213868Label\" for=\"fld_8213868_1\" class=\"control-label\">Commune <span aria-hidden=\"true\" role=\"presentation\" class=\"field_required\" style=\"color:#ee0000;\">*<\/span><\/label>\r\n\t<div class=\"\">\r\n\t\t<input   required type=\"text\" data-field=\"fld_8213868\" class=\" form-control\" id=\"fld_8213868_1\" name=\"fld_8213868\" value=\"\" data-type=\"text\" aria-required=\"true\"   aria-labelledby=\"fld_8213868Label\" >\t\t\t<\/div>\r\n<\/div>\r\n<\/div><\/div><div id=\"CF605dad3695ffc_1-row-6\"  class=\"row \"><div  class=\"col-sm-12  single\"><hr id=\"fld_8430258_1\" class=\"\" style=\"width: 100%\" \/><div class=\"\"><h3>Montant de la participation<\/h3>\n<\/div><\/div><\/div><div id=\"CF605dad3695ffc_1-row-7\"  class=\"row \"><div  class=\"col-sm-9  first_col\"><div data-field-wrapper=\"fld_9885492\" class=\"form-group\" id=\"fld_9885492_1-wrap\">\r\n\t<label id=\"fld_9885492Label\" for=\"fld_9885492_1\" class=\"control-label\">Nombre de part souhait\u00e9 <span aria-hidden=\"true\" role=\"presentation\" class=\"field_required\" style=\"color:#ee0000;\">*<\/span><\/label>\r\n\t<div class=\"\">\r\n\t\t<input   required type=\"number\" data-field=\"fld_9885492\" class=\" form-control\" id=\"fld_9885492_1\" name=\"fld_9885492\" value=\"\" data-type=\"number\" data-parsley-type=\"number\" aria-required=\"true\"   aria-labelledby=\"fld_9885492Label\" >\t\t\t<\/div>\r\n<\/div>\r\n<div data-field-wrapper=\"fld_6378602\" class=\"form-group\" id=\"fld_6378602_1-wrap\">\r\n\t<label id=\"fld_6378602Label\" for=\"fld_6378602_1\" class=\"control-label\">Montant de la participation<\/label>\r\n\t<div class=\"\">\r\n\t\t<h3 aria-labelledby=\"fld_6378602Label\" class=\"total-line\">     \t\t\t<span id=\"fld_6378602_1\" data-calc-display=\"fld_6378602_1-value\"><\/span> \u20ac<\/h3>\n\t\t\t\t<input type=\"hidden\" type=\"hidden\" name=\"fld_6378602\" value=\"0\" data-field=\"fld_6378602_1\" data-calc-field=\"fld_6378602\" data-type=\"calculation\" id=\"fld_6378602_1-value\"  >\n\t\t\t<\/div>\r\n<\/div>\r\n<\/div><div  class=\"col-sm-3  last_col\"><div class=\"\"><h3>1 part = 100 \u20ac<\/h3>\n<p>\nIndiquez le nombre de part souhait\u00e9 et le montant de votre participation s'actualisera.<\/p>\n<\/div><\/div><\/div><div id=\"CF605dad3695ffc_1-row-8\"  class=\"row \"><div  class=\"col-sm-12  single\"><hr id=\"fld_4121080_1\" class=\"\" style=\"width: 100%\" \/><div data-field-wrapper=\"fld_505751\" class=\"form-group\" id=\"fld_505751_1-wrap\">\r\n<div class=\"\">\r\n\n<div class=\"checkbox-inline caldera-forms-consent-field\">\n    <input data-parsley-required=\"true\" data-parsley-group=\"fld_505751_1\" data-parsley-multiple=\"fld_505751_1\"        type=\"checkbox\" data-label=\"En remplissant ce formulaire, je m\u2019engage \u00e0 devenir membre fondateur de la soci\u00e9t\u00e9 ERCA et \u00e0 \u00eatre pr\u00e9sent le jour de l\u2019Assembl\u00e9e G\u00e9n\u00e9rale de cr\u00e9ation qui aura lieu un samedi.\"\n        data-field=\"fld_505751\"\n        id=\"fld_505751_1\"\n        class=\"fld_505751_1 option-required\"\n        name=\"fld_505751\"\n        value=\"1\"\n        data-type=\"checkbox\"\n        data-checkbox-field=\"fld_505751_1\"\n    >\n    <label for=\"fld_505751_1\"\n           class=\"caldera-forms-gdpr-field-label\"\n           style=\"display:inline; margin-left: 0.5rem;\"\n    >\n                <p\n            class=\"caldera-forms-consent-field-agreement\"\n        >\n            En remplissant ce formulaire, je m\u2019engage \u00e0 devenir membre fondateur de la soci\u00e9t\u00e9 ERCA et \u00e0 \u00eatre pr\u00e9sent le jour de l\u2019Assembl\u00e9e G\u00e9n\u00e9rale de cr\u00e9ation qui aura lieu un samedi.        <\/p>\n        <a href=\"\"\n           target=\"_blank\"\n                title=\"Page de politique de confidentialit\u00e9\"\n            class=\"caldera-forms-consent-field-linked_text\"\n            >\n                     <\/a>\n    <\/label>\n    <span style=\"color:#ff0000;\">*<\/span>\n<\/div>\n\n<\/div>\r\n<\/div>\r\n<div class=\"\"><p><i><a target=\"_blank\"  href=\"http:\/\/erca32.fr\/index.php\/politique-de-gestion-des-donnees-personnelles\/\">Politique de gestion des donn\u00e9es personnelles<\/a><\/i><\/p>\n<\/div><\/div><\/div><div id=\"CF605dad3695ffc_1-row-9\"  class=\"row  last_row\"><div  class=\"col-sm-12  single\"><div data-field-wrapper=\"fld_7908577\" class=\"form-group\" id=\"fld_7908577_1-wrap\">\r\n\t<label class=\"control-label\">&nbsp;<\/label>\n<div class=\"\">\r\n\t<input  class=\"btn btn-default\" type=\"submit\" name=\"fld_7908577\" id=\"fld_7908577_1\" value=\"Envoyer la participation\" data-field=\"fld_7908577\"  >\n<\/div>\r\n<\/div>\r\n\t<input class=\"button_trigger_1\" type=\"hidden\" name=\"fld_7908577\" id=\"fld_7908577_1_btn\" value=\"\" data-field=\"fld_7908577\"  \/>\n<\/div><\/div><\/form>\r\n<\/div>\r\n\n<\/div>\n<\/div><\/div><\/div><div id=\"pgc-126-0-1\"  class=\"panel-grid-cell\" ><div id=\"panel-126-0-1-0\" class=\"so-panel widget widget_sow-editor panel-first-child panel-last-child\" data-index=\"2\" ><div class=\"bloc_plaquette panel-widget-style panel-widget-style-for-126-0-1-0\" ><div\n\t\t\t\n\t\t\tclass=\"so-widget-sow-editor so-widget-sow-editor-base\"\n\t\t\t\n\t\t><h3 class=\"widget-title\">Nous contacter<\/h3>\n<div class=\"siteorigin-widget-tinymce textwidget\">\n\t<p style=\"text-align: center;\"><a href=\"http:\/\/erca32.fr\/index.php\/contactez-nous\/\">Via le formulaire<\/a><\/p>\n<p>&nbsp;<\/p>\n<\/div>\n<\/div><\/div><\/div><\/div><\/div><\/div>","protected":false},"excerpt":{"rendered":"<p>(Energies Renouvelables et Collectives en Astarac) &nbsp; Via le formulaire &nbsp;<\/p>\n","protected":false},"author":1,"featured_media":0,"parent":0,"menu_order":0,"comment_status":"closed","ping_status":"closed","template":"templates\/template-full.php","meta":{"footnotes":""},"class_list":["post-126","page","type-page","status-publish","hentry","post"],"_links":{"self":[{"href":"https:\/\/erca32.fr\/index.php\/wp-json\/wp\/v2\/pages\/126","targetHints":{"allow":["GET"]}}],"collection":[{"href":"https:\/\/erca32.fr\/index.php\/wp-json\/wp\/v2\/pages"}],"about":[{"href":"https:\/\/erca32.fr\/index.php\/wp-json\/wp\/v2\/types\/page"}],"author":[{"embeddable":true,"href":"https:\/\/erca32.fr\/index.php\/wp-json\/wp\/v2\/users\/1"}],"replies":[{"embeddable":true,"href":"https:\/\/erca32.fr\/index.php\/wp-json\/wp\/v2\/comments?post=126"}],"version-history":[{"count":8,"href":"https:\/\/erca32.fr\/index.php\/wp-json\/wp\/v2\/pages\/126\/revisions"}],"predecessor-version":[{"id":179,"href":"https:\/\/erca32.fr\/index.php\/wp-json\/wp\/v2\/pages\/126\/revisions\/179"}],"wp:attachment":[{"href":"https:\/\/erca32.fr\/index.php\/wp-json\/wp\/v2\/media?parent=126"}],"curies":[{"name":"wp","href":"https:\/\/api.w.org\/{rel}","templated":true}]}}