{"id":44,"date":"2021-03-15T10:33:22","date_gmt":"2021-03-15T09:33:22","guid":{"rendered":"http:\/\/erca32.fr\/?page_id=44"},"modified":"2023-11-06T16:50:43","modified_gmt":"2023-11-06T15:50:43","slug":"devenir-actionnaire","status":"publish","type":"page","link":"https:\/\/erca32.fr\/index.php\/devenir-actionnaire\/","title":{"rendered":"Devenir actionnaire"},"content":{"rendered":"<div id=\"pl-44\"  class=\"panel-layout\" ><div id=\"pg-44-0\"  class=\"panel-grid panel-no-style\" ><div id=\"pgc-44-0-0\"  class=\"panel-grid-cell\" ><div id=\"panel-44-0-0-0\" class=\"so-panel widget widget_sow-editor panel-first-child\" data-index=\"0\" ><div\n\t\t\t\n\t\t\tclass=\"so-widget-sow-editor so-widget-sow-editor-base\"\n\t\t\t\n\t\t><h3 class=\"widget-title\">Le fonctionnement de la soci\u00e9t\u00e9 ERCA<\/h3>\n<div class=\"siteorigin-widget-tinymce textwidget\">\n\t<p align=\"justify\">La dynamique territoriale\u00a0prend tout son sens\u00a0car elle est men\u00e9e par tous et pour tous. Pour se d\u00e9velopper, la soci\u00e9t\u00e9 ERCA recherche continuellement des personnes qui souhaitent s\u2019investir en devenant soci\u00e9taires. Devenir actionnaire permet de participer \u00e0 la gouvernance de la soci\u00e9t\u00e9 selon le principe \u00ab\u00a0une personne, une voix\u00a0\u00bb. Une partie des b\u00e9n\u00e9fices g\u00e9n\u00e9r\u00e9s sont r\u00e9inject\u00e9s dans de nouveaux projets d\u2019\u00e9nergies renouvelables\u00a0; le reste est redistribu\u00e9 dans un second temps aux actionnaires.<\/p>\n<p align=\"justify\">La soci\u00e9t\u00e9 par actions simplifi\u00e9e (SAS) ERCA est \u00e0 capital variable afin d'accueillir de mani\u00e8re continue de nouveaux actionnaires.<\/p>\n<p align=\"justify\">Il existe deux options pour entrer au capital de la soci\u00e9t\u00e9 ERCA\u00a0et participer aux investissements :<\/p>\n<table style=\"border-collapse: collapse; width: 100%; height: 96px;\" border=\"1\">\n<tbody>\n<tr style=\"height: 24px; background-color: #e6e6e6;\">\n<td style=\"width: 25%; text-align: center;\"><em><strong>\u00a0<\/strong><\/em><\/td>\n<td style=\"width: 25%; text-align: center; height: 24px;\"><em><strong>Participation au capital de la soci\u00e9t\u00e9<br \/>\nvia les parts sociales<br \/>\n(1 part = 100 \u20ac)<\/strong><\/em><\/td>\n<td style=\"width: 50%; text-align: center; height: 24px;\"><em><strong>Participation au capital de la soci\u00e9t\u00e9<br \/>\nvia les comptes-courants d'associ\u00e9s<br \/>\nr\u00e9mun\u00e9r\u00e9s \u00e0 3%<\/strong><\/em><\/td>\n<\/tr>\n<tr style=\"height: 24px; background-color: #cad5eb;\">\n<td style=\"width: 25%; text-align: center;\">Option 1<\/td>\n<td style=\"width: 25%; text-align: center; height: 24px;\"><img loading=\"lazy\" decoding=\"async\" class=\"alignnone wp-image-46\" src=\"http:\/\/erca32.fr\/wp-content\/uploads\/2021\/03\/icon_valid.png\" alt=\"\" width=\"28\" height=\"28\" \/><\/td>\n<td style=\"width: 50%; text-align: center; height: 24px;\"><img loading=\"lazy\" decoding=\"async\" class=\"alignnone wp-image-45\" src=\"http:\/\/erca32.fr\/wp-content\/uploads\/2021\/03\/icon_novalid.png\" alt=\"\" width=\"27\" height=\"27\" \/><\/td>\n<\/tr>\n<tr style=\"height: 24px;\">\n<td style=\"width: 25%; text-align: center;\">Option 2<\/td>\n<td style=\"width: 25%; text-align: center; height: 24px;\"><img loading=\"lazy\" decoding=\"async\" class=\"alignnone wp-image-46\" src=\"http:\/\/erca32.fr\/wp-content\/uploads\/2021\/03\/icon_valid.png\" alt=\"\" width=\"28\" height=\"28\" \/><\/td>\n<td style=\"width: 50%; text-align: center; height: 24px;\"><img loading=\"lazy\" decoding=\"async\" class=\"alignnone wp-image-46\" src=\"http:\/\/erca32.fr\/wp-content\/uploads\/2021\/03\/icon_valid.png\" alt=\"\" width=\"28\" height=\"28\" \/><\/td>\n<\/tr>\n<\/tbody>\n<\/table>\n<p align=\"justify\">Les comptes-courants d\u2019associ\u00e9s (CCA) sont des avances de fonds r\u00e9alis\u00e9es par les associ\u00e9s d\u2019une soci\u00e9t\u00e9. En contrepartie, les sommes laiss\u00e9es ainsi \u00e0 disposition de la soci\u00e9t\u00e9 peuvent donner lieu au versement d\u2019int\u00e9r\u00eats. Dans notre cas, le taux d\u2019int\u00e9r\u00eat <b>est fix\u00e9 \u00e0 3%.<\/b><\/p>\n<p align=\"justify\">Le tableau suivant d\u00e9crit la r\u00e9partition actuelle de l'actionnariat au sein de la soci\u00e9t\u00e9:<\/p>\n<table style=\"border-collapse: collapse; width: 100%; height: 138px;\" border=\"1\">\n<tbody>\n<tr style=\"height: 40px; background-color: #cad5eb;\">\n<td style=\"width: 16.6667%; text-align: center; height: 40px;\"><strong>Coll\u00e8ge \/ cat\u00e9gorie<\/strong><\/td>\n<td style=\"width: 16.6667%; height: 40px; text-align: center;\"><strong>Nb de personnes<\/strong><\/td>\n<td style=\"width: 16.6667%; height: 40px; text-align: center;\"><strong>Nb de parts<\/strong><\/td>\n<td style=\"width: 16.6667%; text-align: center; height: 40px;\"><strong>Capital<\/strong><\/td>\n<td style=\"width: 16.6667%; text-align: center; height: 40px;\"><strong>% du total<\/strong><\/td>\n<td style=\"width: 16.6667%; text-align: center; height: 40px;\"><strong>% des droits de vote<\/strong><\/td>\n<\/tr>\n<tr style=\"height: 48px;\">\n<td style=\"width: 16.6667%; height: 48px;\" width=\"132\">Collectivit\u00e9s et leurs groupements<\/td>\n<td style=\"width: 16.6667%; height: 48px; text-align: center;\" width=\"76\">31<\/td>\n<td style=\"width: 16.6667%; height: 48px; text-align: center;\" width=\"95\">60<\/td>\n<td style=\"width: 16.6667%; height: 48px; text-align: center;\" width=\"101\">6\u00a0000 \u20ac<\/td>\n<td style=\"width: 16.6667%; height: 48px; text-align: center;\" width=\"101\">39,5%<\/td>\n<td style=\"width: 16.6667%; height: 48px; text-align: center;\" width=\"101\">40%<\/td>\n<\/tr>\n<tr style=\"height: 50px;\">\n<td style=\"width: 16.6667%; height: 50px;\" width=\"132\">Citoyens<\/td>\n<td style=\"width: 16.6667%; height: 50px; text-align: center;\" width=\"76\">38<\/td>\n<td style=\"width: 16.6667%; height: 50px; text-align: center;\" width=\"95\">92<\/td>\n<td style=\"width: 16.6667%; height: 50px; text-align: center;\" width=\"101\">9\u00a0200 \u20ac<\/td>\n<td style=\"width: 16.6667%; height: 50px; text-align: center;\" width=\"101\">60,5%<\/td>\n<td style=\"width: 16.6667%; height: 50px; text-align: center;\" width=\"101\">35%<\/td>\n<\/tr>\n<\/tbody>\n<\/table>\n<h3 align=\"justify\"><\/h3>\n<h3 align=\"justify\"><b>Modalit\u00e9s d\u2019adh\u00e9sion\u00a0:<\/b><\/h3>\n<p>1 - T\u00e9l\u00e9chargez et remplissez le bulletin de souscription en mentionnant le nombre de parts que vous souhaitez souscrire<\/p>\n<blockquote>\n<p><strong>Le montant de l\u2019action est fix\u00e9 \u00e0 100 euros.<\/strong><\/p>\n<\/blockquote>\n<p align=\"justify\">Selon que vous \u00eates majeur ou repr\u00e9sentez une personne morale, ou bien si vous souscrivez pour une personne mineure, t\u00e9l\u00e9chargez le bulletin suivant :<\/p>\n<p style=\"text-align: center;\" align=\"justify\"><span style=\"font-size: 18pt;\"><a href=\"http:\/\/erca32.fr\/wp-content\/uploads\/2021\/11\/Bulletin_adhesion_ERCA_majeurs__mineurs-1.pdf\" target=\"_blank\" rel=\"noopener\">T\u00e9l\u00e9charger le bulletin d'adh\u00e9sion (majeurs, mineurs, personnes morales et physiques)<\/a><\/span><\/p>\n<p>Assurez-vous d'avoir bien pris connaissance des <a href=\"http:\/\/erca32.fr\/wp-content\/uploads\/2021\/06\/STATUTS-ERCA.pdf\" target=\"_blank\" rel=\"noopener\">Statuts d'ERCA<\/a> ainsi que du <a href=\"http:\/\/erca32.fr\/wp-content\/uploads\/2021\/11\/DIS_ERCA.pdf\" target=\"_blank\" rel=\"noopener\">Document d'Information Synth\u00e9tique (DIS)<\/a><\/p>\n<p>2 - Joignez \u00e0 votre souscription :<\/p>\n<ul>\n<li>votre ch\u00e8que au nom de la\u00a0 SAS ERCA<\/li>\n<li>ou par virement bancaire au compte de la SAS ERCA (le demander \u00e0 contact@erca32.fr)<\/li>\n<li>une photocopie de pi\u00e8ce d\u2019identit\u00e9 recto\/verso (celle du futur actionnaire\/dans le cas ou le futur actionnaire est mineur, celle du responsable l\u00e9gal \u00e0 minima)<\/li>\n<\/ul>\n<p align=\"justify\">La souscription vaut acceptation des\u00a0<strong>statuts de la SAS ERCA<\/strong><\/p>\n<p align=\"justify\">3 - Retournez-nous l\u2019ensemble des documents \u00e0 cette adresse postale :<\/p>\n<p style=\"text-align: center;\" align=\"justify\"><span style=\"font-size: 14pt;\"><strong><em>19 Avenue de Gascogne, 32730 VILLECOMTAL SUR ARROS<\/em><\/strong><\/span><\/p>\n<p style=\"text-align: center;\" align=\"justify\"><span style=\"font-size: 14pt;\"><strong>Pour plus d'informations:<\/strong><\/span><\/p>\n<\/div>\n<\/div><\/div><div id=\"panel-44-0-0-1\" class=\"so-panel widget widget_sow-button\" data-index=\"1\" ><div\n\t\t\t\n\t\t\tclass=\"so-widget-sow-button so-widget-sow-button-atom-5f43b9c0783b-44\"\n\t\t\t\n\t\t><div class=\"ow-button-base ow-button-align-center\">\n\t\t\t<a\n\t\t\t\t\thref=\"https:\/\/erca32.fr\/index.php\/contactez-nous\/\"\n\t\t\t\t\tclass=\"sowb-button ow-icon-placement-left ow-button-hover\" \t>\n\t\t<span>\n\t\t\t<span class=\"sow-icon-fontawesome sow-far\" data-sow-icon=\"&#xf0e0;\"\n\t\tstyle=\"color: #ffffff\" \n\t\taria-hidden=\"true\"><\/span>\n\t\t\tNous contacter\t\t<\/span>\n\t\t\t<\/a>\n\t<\/div>\n<\/div><\/div><div id=\"panel-44-0-0-2\" class=\"so-panel widget widget_sow-editor panel-last-child\" data-index=\"2\" ><div\n\t\t\t\n\t\t\tclass=\"so-widget-sow-editor so-widget-sow-editor-base\"\n\t\t\t\n\t\t><h3 class=\"widget-title\">Les avantages \u00e0 rejoindre la soci\u00e9t\u00e9 ERCA\u00a0:<\/h3>\n<div class=\"siteorigin-widget-tinymce textwidget\">\n\t<h3><img loading=\"lazy\" decoding=\"async\" class=\"alignnone wp-image-495\" src=\"http:\/\/erca32.fr\/wp-content\/uploads\/2021\/10\/Schema-ERCA-300x238.png\" alt=\"\" width=\"637\" height=\"505\" srcset=\"https:\/\/erca32.fr\/wp-content\/uploads\/2021\/10\/Schema-ERCA-300x238.png 300w, https:\/\/erca32.fr\/wp-content\/uploads\/2021\/10\/Schema-ERCA-768x609.png 768w, https:\/\/erca32.fr\/wp-content\/uploads\/2021\/10\/Schema-ERCA.png 837w\" sizes=\"auto, (max-width: 637px) 100vw, 637px\" \/><\/h3>\n<p>&nbsp;<\/p>\n<p align=\"justify\">\n<\/div>\n<\/div><\/div><\/div><div id=\"pgc-44-0-1\"  class=\"panel-grid-cell\" ><div class=\"panel-cell-style panel-cell-style-for-44-0-1\" ><div id=\"panel-44-0-1-0\" class=\"so-panel widget widget_sow-editor panel-first-child panel-last-child\" data-index=\"3\" ><div class=\"bloc_documents panel-widget-style panel-widget-style-for-44-0-1-0\" ><div\n\t\t\t\n\t\t\tclass=\"so-widget-sow-editor so-widget-sow-editor-base\"\n\t\t\t\n\t\t><h3 class=\"widget-title\">Documents utiles<\/h3>\n<div class=\"siteorigin-widget-tinymce textwidget\">\n\t<p style=\"text-align: left;\"><span style=\"font-size: 12pt;\"><strong>\u2295 Les informations importantes pour l'adh\u00e9sion<\/strong><\/span><\/p>\n<p style=\"text-align: center;\"><img loading=\"lazy\" decoding=\"async\" class=\"alignnone wp-image-252\" src=\"http:\/\/erca32.fr\/wp-content\/uploads\/2021\/03\/image_statuts-212x300.png\" alt=\"\" width=\"80\" height=\"113\" srcset=\"https:\/\/erca32.fr\/wp-content\/uploads\/2021\/03\/image_statuts-212x300.png 212w, https:\/\/erca32.fr\/wp-content\/uploads\/2021\/03\/image_statuts.png 430w\" sizes=\"auto, (max-width: 80px) 100vw, 80px\" \/><\/p>\n<p style=\"text-align: center;\"><a href=\"http:\/\/erca32.fr\/wp-content\/uploads\/2021\/06\/STATUTS-ERCA.pdf\" target=\"_blank\" rel=\"noopener\">Statuts ERCA<\/a><br \/>\n<span style=\"font-size: 10pt;\"><em>(PDF 450 ko)<\/em><\/span><\/p>\n<p style=\"text-align: center;\"><img loading=\"lazy\" decoding=\"async\" class=\"alignnone wp-image-255 \" src=\"http:\/\/erca32.fr\/wp-content\/uploads\/2021\/03\/image_QR-212x300.png\" alt=\"\" width=\"80\" height=\"113\" srcset=\"https:\/\/erca32.fr\/wp-content\/uploads\/2021\/03\/image_QR-212x300.png 212w, https:\/\/erca32.fr\/wp-content\/uploads\/2021\/03\/image_QR.png 628w\" sizes=\"auto, (max-width: 80px) 100vw, 80px\" \/><\/p>\n<p style=\"text-align: center;\"><a href=\"http:\/\/erca32.fr\/wp-content\/uploads\/2021\/03\/Questions_reponses_societe_EnR_20210202.pdf\" target=\"_blank\" rel=\"noopener\">Questions-R\u00e9ponses_soci\u00e9t\u00e9_EnR<\/a><br \/>\n<span style=\"font-size: 10pt;\"><em>(PDF 564ko)<\/em><\/span><\/p>\n<p style=\"text-align: center;\"><img loading=\"lazy\" decoding=\"async\" class=\"alignnone wp-image-556\" src=\"http:\/\/erca32.fr\/wp-content\/uploads\/2021\/11\/DIS-212x300.png\" alt=\"\" width=\"80\" height=\"113\" srcset=\"https:\/\/erca32.fr\/wp-content\/uploads\/2021\/11\/DIS-212x300.png 212w, https:\/\/erca32.fr\/wp-content\/uploads\/2021\/11\/DIS.png 469w\" sizes=\"auto, (max-width: 80px) 100vw, 80px\" \/><\/p>\n<p style=\"text-align: center;\"><a href=\"http:\/\/erca32.fr\/wp-content\/uploads\/2021\/11\/DIS_ERCA.pdf\" target=\"_blank\" rel=\"noopener\">DIS (Document d'Information Synth\u00e9tique)<\/a><\/p>\n<p style=\"text-align: center;\"><span style=\"font-size: 10pt;\"><em>(PDF 500 ko)<\/em><\/span><\/p>\n<p style=\"text-align: center;\"><strong>A venir ...<\/strong><\/p>\n<p><img loading=\"lazy\" decoding=\"async\" class=\"wp-image-378 aligncenter\" src=\"http:\/\/erca32.fr\/wp-content\/uploads\/2021\/09\/istockphoto-165737185-612x612-1-300x199.jpg\" alt=\"\" width=\"131\" height=\"87\" srcset=\"https:\/\/erca32.fr\/wp-content\/uploads\/2021\/09\/istockphoto-165737185-612x612-1-300x199.jpg 300w, https:\/\/erca32.fr\/wp-content\/uploads\/2021\/09\/istockphoto-165737185-612x612-1-272x182.jpg 272w, https:\/\/erca32.fr\/wp-content\/uploads\/2021\/09\/istockphoto-165737185-612x612-1.jpg 612w\" sizes=\"auto, (max-width: 131px) 100vw, 131px\" \/><\/p>\n<p style=\"text-align: center;\">Comptes financiers<\/p>\n<p><img loading=\"lazy\" decoding=\"async\" class=\" wp-image-378 aligncenter\" src=\"http:\/\/erca32.fr\/wp-content\/uploads\/2021\/09\/istockphoto-165737185-612x612-1-300x199.jpg\" alt=\"\" width=\"131\" height=\"87\" srcset=\"https:\/\/erca32.fr\/wp-content\/uploads\/2021\/09\/istockphoto-165737185-612x612-1-300x199.jpg 300w, https:\/\/erca32.fr\/wp-content\/uploads\/2021\/09\/istockphoto-165737185-612x612-1-272x182.jpg 272w, https:\/\/erca32.fr\/wp-content\/uploads\/2021\/09\/istockphoto-165737185-612x612-1.jpg 612w\" sizes=\"auto, (max-width: 131px) 100vw, 131px\" \/><\/p>\n<p style=\"text-align: center;\">Tableau d'endettement sur 5 ans<\/p>\n<p style=\"text-align: left;\"><span style=\"font-size: 12pt;\"><strong>\u2295 Les compl\u00e9ments<\/strong><\/span><\/p>\n<p style=\"text-align: center;\">\n<p><img loading=\"lazy\" decoding=\"async\" class=\"wp-image-500 aligncenter\" src=\"http:\/\/erca32.fr\/wp-content\/uploads\/2021\/10\/plaquette-erca-212x300.png\" alt=\"\" width=\"111\" height=\"157\" srcset=\"https:\/\/erca32.fr\/wp-content\/uploads\/2021\/10\/plaquette-erca-212x300.png 212w, https:\/\/erca32.fr\/wp-content\/uploads\/2021\/10\/plaquette-erca.png 628w\" sizes=\"auto, (max-width: 111px) 100vw, 111px\" \/><\/p>\n<p style=\"text-align: center;\"><a href=\"http:\/\/erca32.fr\/wp-content\/uploads\/2021\/10\/PLAQUETTE_ERCA.pdf\" target=\"_blank\" rel=\"noopener\">Plaquette d'information<\/a><\/p>\n<p style=\"text-align: center;\"><span style=\"font-size: 10pt;\"><em>(PDF 1 mo)<\/em><\/span><\/p>\n<p>&nbsp;<\/p>\n<p style=\"text-align: center;\"><img loading=\"lazy\" decoding=\"async\" class=\"alignnone wp-image-253\" src=\"http:\/\/erca32.fr\/wp-content\/uploads\/2021\/03\/image_plaquetteEP-212x300.png\" alt=\"\" width=\"111\" height=\"157\" srcset=\"https:\/\/erca32.fr\/wp-content\/uploads\/2021\/03\/image_plaquetteEP-212x300.png 212w, https:\/\/erca32.fr\/wp-content\/uploads\/2021\/03\/image_plaquetteEP.png 628w\" sizes=\"auto, (max-width: 111px) 100vw, 111px\" \/><\/p>\n<p style=\"text-align: center;\"><a href=\"http:\/\/erca32.fr\/wp-content\/uploads\/2021\/03\/Etude_Retombe\u0301es_e\u0301conomiques_locales_projet_territorial.pdf\" target=\"_blank\" rel=\"noopener\">Plaquette d'Energie Partag\u00e9e sur les retomb\u00e9es \u00e9conomiques d'un projet local<\/a><br \/>\n<span style=\"font-size: 10pt;\"><em>(PDF 796 ko)<\/em><\/span><\/p>\n<p style=\"text-align: center;\"><img loading=\"lazy\" decoding=\"async\" class=\"alignnone wp-image-254\" src=\"http:\/\/erca32.fr\/wp-content\/uploads\/2021\/03\/image_plaquette_communes-213x300.png\" alt=\"\" width=\"110\" height=\"155\" srcset=\"https:\/\/erca32.fr\/wp-content\/uploads\/2021\/03\/image_plaquette_communes-213x300.png 213w, https:\/\/erca32.fr\/wp-content\/uploads\/2021\/03\/image_plaquette_communes.png 630w\" sizes=\"auto, (max-width: 110px) 100vw, 110px\" \/><\/p>\n<p style=\"text-align: center;\"><a href=\"http:\/\/erca32.fr\/wp-content\/uploads\/2021\/03\/Plaquette_societe_energies_renouvelables.pdf\" target=\"_blank\" rel=\"noopener\">Plaquette \u00e0 destination des communes<\/a><br \/>\n<em><span style=\"font-size: 10pt;\">(PDF 238 ko)<\/span><\/em><\/p>\n<p>&nbsp;<\/p>\n<p>&nbsp;<\/p>\n<p>&nbsp;<\/p>\n<\/div>\n<\/div><\/div><\/div><\/div><\/div><\/div><\/div>","protected":false},"excerpt":{"rendered":"<p>La dynamique territoriale\u00a0prend tout son sens\u00a0car elle est men\u00e9e par tous et pour tous. Pour se d\u00e9velopper, la soci\u00e9t\u00e9 ERCA recherche continuellement des personnes qui souhaitent s\u2019investir en devenant soci\u00e9taires. Devenir actionnaire permet de participer \u00e0 la gouvernance de la soci\u00e9t\u00e9 selon le principe \u00ab\u00a0une personne, une voix\u00a0\u00bb. Une partie des b\u00e9n\u00e9fices g\u00e9n\u00e9r\u00e9s sont r\u00e9inject\u00e9s [&hellip;]<\/p>\n","protected":false},"author":1,"featured_media":0,"parent":0,"menu_order":0,"comment_status":"closed","ping_status":"closed","template":"templates\/template-full.php","meta":{"footnotes":""},"class_list":["post-44","page","type-page","status-publish","hentry","post"],"_links":{"self":[{"href":"https:\/\/erca32.fr\/index.php\/wp-json\/wp\/v2\/pages\/44","targetHints":{"allow":["GET"]}}],"collection":[{"href":"https:\/\/erca32.fr\/index.php\/wp-json\/wp\/v2\/pages"}],"about":[{"href":"https:\/\/erca32.fr\/index.php\/wp-json\/wp\/v2\/types\/page"}],"author":[{"embeddable":true,"href":"https:\/\/erca32.fr\/index.php\/wp-json\/wp\/v2\/users\/1"}],"replies":[{"embeddable":true,"href":"https:\/\/erca32.fr\/index.php\/wp-json\/wp\/v2\/comments?post=44"}],"version-history":[{"count":146,"href":"https:\/\/erca32.fr\/index.php\/wp-json\/wp\/v2\/pages\/44\/revisions"}],"predecessor-version":[{"id":245,"href":"https:\/\/erca32.fr\/index.php\/wp-json\/wp\/v2\/pages\/44\/revisions\/245"}],"wp:attachment":[{"href":"https:\/\/erca32.fr\/index.php\/wp-json\/wp\/v2\/media?parent=44"}],"curies":[{"name":"wp","href":"https:\/\/api.w.org\/{rel}","templated":true}]}}