{"id":55,"date":"2021-03-15T12:04:50","date_gmt":"2021-03-15T11:04:50","guid":{"rendered":"http:\/\/erca32.fr\/?page_id=55"},"modified":"2025-04-04T16:48:17","modified_gmt":"2025-04-04T14:48:17","slug":"partenaires-contributeurs","status":"publish","type":"page","link":"https:\/\/erca32.fr\/index.php\/partenaires-contributeurs\/","title":{"rendered":"Partenaires et contributeurs"},"content":{"rendered":"<div id=\"pl-55\"  class=\"panel-layout\" ><div id=\"pg-55-0\"  class=\"panel-grid panel-no-style\" ><div id=\"pgc-55-0-0\"  class=\"panel-grid-cell\" ><div class=\"panel-cell-style panel-cell-style-for-55-0-0\" ><div id=\"panel-55-0-0-0\" class=\"so-panel widget widget_sow-editor panel-first-child\" data-index=\"0\" ><div\n\t\t\t\n\t\t\tclass=\"so-widget-sow-editor so-widget-sow-editor-base\"\n\t\t\t\n\t\t><h3 class=\"widget-title\">A ce jour, la soci\u00e9t\u00e9 ERCA c\u2019est\u00a0:<\/h3>\n<div class=\"siteorigin-widget-tinymce textwidget\">\n\t<\/div>\n<\/div><\/div><div id=\"panel-55-0-0-1\" class=\"so-panel widget widget_lsow-odometers panel-last-child\" data-index=\"1\" ><div id=\"odometre\" class=\"panel-widget-style panel-widget-style-for-55-0-0-1\" ><div\n\t\t\t\n\t\t\tclass=\"so-widget-lsow-odometers so-widget-lsow-odometers-default-d75171398898-55\"\n\t\t\t\n\t\t>\n<div class=\"lsow-odometers lsow-grid-container  lsow-grid-desktop-3 lsow-grid-tablet-3 lsow-grid-mobile-1\"><div class=\"lsow-grid-item lsow-odometer\"><div class=\"lsow-number odometer\" data-stop=\"14\">0<\/div><!-- .lsow-number --><div class=\"lsow-stats-title-wrap\"><div class=\"lsow-stats-title\"><span class=\"lsow-icon-wrapper\"><\/span>Installations en projet<\/div><\/div><\/div><!-- .lsow-odometer --><div class=\"lsow-grid-item lsow-odometer\"><div class=\"lsow-number odometer\" data-stop=\"500\">0<\/div><!-- .lsow-number --><span class=\"lsow-suffix\">kWc<\/span><div class=\"lsow-stats-title-wrap\"><div class=\"lsow-stats-title\"><span class=\"lsow-icon-wrapper\"><\/span>De puissance th\u00e9orique<\/div><\/div><\/div><!-- .lsow-odometer --><div class=\"lsow-grid-item lsow-odometer\"><div class=\"lsow-number odometer\" data-stop=\"318\">0<\/div><!-- .lsow-number --><div class=\"lsow-stats-title-wrap\"><div class=\"lsow-stats-title\"><span class=\"lsow-icon-wrapper\"><\/span>Contributeurs<\/div><\/div><\/div><!-- .lsow-odometer --><div class=\"lsow-grid-item lsow-odometer\"><div class=\"lsow-number odometer\" data-stop=\"33000\">0<\/div><!-- .lsow-number --><span class=\"lsow-suffix\">\u20ac<\/span><div class=\"lsow-stats-title-wrap\"><div class=\"lsow-stats-title\"><span class=\"lsow-icon-wrapper\"><\/span>De promesses de contribution<\/div><\/div><\/div><!-- .lsow-odometer --><div class=\"lsow-grid-item lsow-odometer\"><div class=\"lsow-number odometer\" data-stop=\"60\">0<\/div><!-- .lsow-number --><span class=\"lsow-suffix\">Tonnes<\/span><div class=\"lsow-stats-title-wrap\"><div class=\"lsow-stats-title\"><span class=\"lsow-icon-wrapper\"><\/span>De CO2 \u00e9vit\u00e9es<\/div><\/div><\/div><!-- .lsow-odometer --><div class=\"lsow-grid-item lsow-odometer\"><div class=\"lsow-number odometer\" data-stop=\"250\">0<\/div><!-- .lsow-number --><span class=\"lsow-suffix\">Foyers<\/span><div class=\"lsow-stats-title-wrap\"><div class=\"lsow-stats-title\"><span class=\"lsow-icon-wrapper\"><\/span>Equivalence de consommation<\/div><\/div><\/div><!-- .lsow-odometer --><\/div><!-- .lsow-odometers --><div class=\"lsow-clear\"><\/div><\/div><\/div><\/div><\/div><\/div><\/div><div id=\"pg-55-1\"  class=\"panel-grid panel-no-style\" ><div id=\"pgc-55-1-0\"  class=\"panel-grid-cell\" ><div id=\"panel-55-1-0-0\" class=\"so-panel widget widget_sow-editor panel-first-child panel-last-child\" data-index=\"2\" ><div\n\t\t\t\n\t\t\tclass=\"so-widget-sow-editor so-widget-sow-editor-base\"\n\t\t\t\n\t\t><h3 class=\"widget-title\">Contributeurs - Citoyens<\/h3>\n<div class=\"siteorigin-widget-tinymce textwidget\">\n\t<table style=\"width: 38.4546%;\" width=\"315\">\n<tbody>\n<tr>\n<td style=\"width: 48.5384%; text-align: center;\"><strong>NOM<\/strong><\/td>\n<td style=\"width: 88.3228%; text-align: center;\"><strong>PRENOM<\/strong><\/td>\n<\/tr>\n<tr>\n<td style=\"width: 48.5384%; text-align: center;\" width=\"169\">Bayle<\/td>\n<td style=\"width: 88.3228%; text-align: center;\" width=\"146\">Annette<\/td>\n<\/tr>\n<tr>\n<td style=\"width: 48.5384%; text-align: center;\" width=\"169\">Bourdall\u00e9<\/td>\n<td style=\"width: 88.3228%; text-align: center;\" width=\"146\">Annie<\/td>\n<\/tr>\n<tr>\n<td style=\"width: 48.5384%; text-align: center;\" width=\"169\">Dazet<\/td>\n<td style=\"width: 88.3228%; text-align: center;\" width=\"146\">Jean-Claude<\/td>\n<\/tr>\n<tr>\n<td style=\"width: 48.5384%; text-align: center;\" width=\"169\">Desmet<\/td>\n<td style=\"width: 88.3228%; text-align: center;\" width=\"146\">Christophe<\/td>\n<\/tr>\n<tr>\n<td style=\"width: 48.5384%; text-align: center;\" width=\"169\">Doz<\/td>\n<td style=\"width: 88.3228%; text-align: center;\" width=\"146\">Jean-Fran\u00e7ois<\/td>\n<\/tr>\n<tr>\n<td style=\"width: 48.5384%; text-align: center;\" width=\"169\">Ducombs<\/td>\n<td style=\"width: 88.3228%; text-align: center;\" width=\"146\">Ezilda<\/td>\n<\/tr>\n<tr>\n<td style=\"width: 48.5384%; text-align: center;\" width=\"169\">Dupouy<\/td>\n<td style=\"width: 88.3228%; text-align: center;\" width=\"146\">Kelly<\/td>\n<\/tr>\n<tr>\n<td style=\"width: 48.5384%; text-align: center;\" width=\"169\">Eberland<\/td>\n<td style=\"width: 88.3228%; text-align: center;\" width=\"146\">Pierre<\/td>\n<\/tr>\n<tr>\n<td style=\"width: 48.5384%; text-align: center;\" width=\"169\">Esterez<\/td>\n<td style=\"width: 88.3228%; text-align: center;\" width=\"146\">Michel<\/td>\n<\/tr>\n<tr>\n<td style=\"width: 48.5384%; text-align: center;\" width=\"169\">Falceto<\/td>\n<td style=\"width: 88.3228%; text-align: center;\" width=\"146\">Christian<\/td>\n<\/tr>\n<tr>\n<td style=\"width: 48.5384%; text-align: center;\" width=\"169\">Febvre<\/td>\n<td style=\"width: 88.3228%; text-align: center;\" width=\"146\">Corentin<\/td>\n<\/tr>\n<tr>\n<td style=\"width: 48.5384%; text-align: center;\" width=\"169\">Fonvielle<\/td>\n<td style=\"width: 88.3228%; text-align: center;\" width=\"146\">Alain<\/td>\n<\/tr>\n<tr>\n<td style=\"width: 48.5384%; text-align: center;\" width=\"169\">Fourcade<\/td>\n<td style=\"width: 88.3228%; text-align: center;\" width=\"146\">Christian<\/td>\n<\/tr>\n<tr>\n<td style=\"width: 48.5384%; text-align: center;\" width=\"169\">Fourni\u00e9<\/td>\n<td style=\"width: 88.3228%; text-align: center;\" width=\"146\">Am\u00e9lie<\/td>\n<\/tr>\n<tr>\n<td style=\"width: 48.5384%; text-align: center;\" width=\"169\">Goujon<\/td>\n<td style=\"width: 88.3228%; text-align: center;\" width=\"146\">Aline<\/td>\n<\/tr>\n<tr>\n<td style=\"width: 48.5384%; text-align: center;\" width=\"169\">Gouzenne<\/td>\n<td style=\"width: 88.3228%; text-align: center;\" width=\"146\">Fabien<\/td>\n<\/tr>\n<tr>\n<td style=\"width: 48.5384%; text-align: center;\" width=\"169\">Jov\u00e9<\/td>\n<td style=\"width: 88.3228%; text-align: center;\" width=\"146\">David<\/td>\n<\/tr>\n<tr>\n<td style=\"width: 48.5384%; text-align: center;\" width=\"169\">Laffitte<\/td>\n<td style=\"width: 88.3228%; text-align: center;\" width=\"146\">Jean-Michel<\/td>\n<\/tr>\n<tr>\n<td style=\"width: 48.5384%; text-align: center;\" width=\"169\">Lartigue<\/td>\n<td style=\"width: 88.3228%; text-align: center;\" width=\"146\">Claire<\/td>\n<\/tr>\n<tr>\n<td style=\"width: 48.5384%; text-align: center;\" width=\"169\">Le Goulven<\/td>\n<td style=\"width: 88.3228%; text-align: center;\" width=\"146\">M\u00e9lanie<\/td>\n<\/tr>\n<tr>\n<td style=\"width: 48.5384%; text-align: center;\" width=\"169\">Le Mao<\/td>\n<td style=\"width: 88.3228%; text-align: center;\" width=\"146\">Jean-Marc<\/td>\n<\/tr>\n<tr>\n<td style=\"width: 48.5384%; text-align: center;\" width=\"169\">Lescure<\/td>\n<td style=\"width: 88.3228%; text-align: center;\" width=\"146\">Audrey<\/td>\n<\/tr>\n<tr>\n<td style=\"width: 48.5384%; text-align: center;\" width=\"169\">Mailhos<\/td>\n<td style=\"width: 88.3228%; text-align: center;\" width=\"146\">Carole<\/td>\n<\/tr>\n<tr>\n<td style=\"width: 48.5384%; text-align: center;\" width=\"169\">Mandron<\/td>\n<td style=\"width: 88.3228%; text-align: center;\" width=\"146\">Edith<\/td>\n<\/tr>\n<tr>\n<td style=\"width: 48.5384%; text-align: center;\" width=\"169\">Maumus<\/td>\n<td style=\"width: 88.3228%; text-align: center;\" width=\"146\">Jean-Jacques<\/td>\n<\/tr>\n<tr>\n<td style=\"width: 48.5384%; text-align: center;\" width=\"169\">Montauban<\/td>\n<td style=\"width: 88.3228%; text-align: center;\" width=\"146\">Frank<\/td>\n<\/tr>\n<tr>\n<td style=\"width: 48.5384%; text-align: center;\" width=\"169\">Nedellec<\/td>\n<td style=\"width: 88.3228%; text-align: center;\" width=\"146\">Michel<\/td>\n<\/tr>\n<tr>\n<td style=\"width: 48.5384%; text-align: center;\" width=\"169\">Pau<\/td>\n<td style=\"width: 88.3228%; text-align: center;\" width=\"146\">Camille<\/td>\n<\/tr>\n<tr>\n<td style=\"width: 48.5384%; text-align: center;\" width=\"169\">Pilleux<\/td>\n<td style=\"width: 88.3228%; text-align: center;\" width=\"146\">Fran\u00e7ois<\/td>\n<\/tr>\n<tr>\n<td style=\"width: 48.5384%; text-align: center;\" width=\"169\">Podlaziewiez<\/td>\n<td style=\"width: 88.3228%; text-align: center;\" width=\"146\">Pascal<\/td>\n<\/tr>\n<tr>\n<td style=\"width: 48.5384%; text-align: center;\" width=\"169\">Pomies<\/td>\n<td style=\"width: 88.3228%; text-align: center;\" width=\"146\">Daniel<\/td>\n<\/tr>\n<tr>\n<td style=\"width: 48.5384%; text-align: center;\" width=\"169\">Puch Nedellec<\/td>\n<td style=\"width: 88.3228%; text-align: center;\" width=\"146\">Jasmine<\/td>\n<\/tr>\n<tr>\n<td style=\"width: 48.5384%; text-align: center;\" width=\"169\">Robert<\/td>\n<td style=\"width: 88.3228%; text-align: center;\" width=\"146\">Sophie<\/td>\n<\/tr>\n<tr>\n<td style=\"width: 48.5384%; text-align: center;\" width=\"169\">Rocq<\/td>\n<td style=\"width: 88.3228%; text-align: center;\" width=\"146\">Sylvie<\/td>\n<\/tr>\n<tr>\n<td style=\"width: 48.5384%; text-align: center;\" width=\"169\">Saphore<\/td>\n<td style=\"width: 88.3228%; text-align: center;\" width=\"146\">Fabienne<\/td>\n<\/tr>\n<tr>\n<td style=\"width: 48.5384%; text-align: center;\" width=\"169\">Sassoli<\/td>\n<td style=\"width: 88.3228%; text-align: center;\" width=\"146\">Roberto<\/td>\n<\/tr>\n<tr>\n<td style=\"width: 48.5384%; text-align: center;\" width=\"169\">Taffonneau<\/td>\n<td style=\"width: 88.3228%; text-align: center;\" width=\"146\">Jean-Pierre<\/td>\n<\/tr>\n<tr>\n<td style=\"width: 48.5384%; text-align: center;\" width=\"169\">Tujague<\/td>\n<td style=\"width: 88.3228%; text-align: center;\" width=\"146\">Herv\u00e9<\/td>\n<\/tr>\n<tr>\n<td style=\"width: 48.5384%; text-align: center;\"><\/td>\n<td style=\"width: 88.3228%; text-align: center;\">...<\/td>\n<\/tr>\n<\/tbody>\n<\/table>\n<p>&nbsp;<\/p>\n<\/div>\n<\/div><\/div><\/div><div id=\"pgc-55-1-1\"  class=\"panel-grid-cell\" ><div id=\"panel-55-1-1-0\" class=\"so-panel widget widget_sow-editor panel-first-child panel-last-child\" data-index=\"3\" ><div\n\t\t\t\n\t\t\tclass=\"so-widget-sow-editor so-widget-sow-editor-base\"\n\t\t\t\n\t\t><h3 class=\"widget-title\">Contributeurs - Collectivit\u00e9s<\/h3>\n<div class=\"siteorigin-widget-tinymce textwidget\">\n\t<p>&nbsp;<\/p>\n<table style=\"width: 53.6721%;\" width=\"169\">\n<tbody>\n<tr>\n<td style=\"width: 100%; text-align: center;\" width=\"169\">AUX AUSSAT<\/td>\n<\/tr>\n<tr>\n<td style=\"width: 100%; text-align: center;\" width=\"169\">BECCAS<\/td>\n<\/tr>\n<tr>\n<td style=\"width: 100%; text-align: center;\" width=\"169\">BELLOC ST CLAMENS<\/td>\n<\/tr>\n<tr>\n<td style=\"width: 100%; text-align: center;\" width=\"169\">BERDOUES<\/td>\n<\/tr>\n<tr>\n<td style=\"width: 100%; text-align: center;\" width=\"169\">CLERMONT POUYGUILLES<\/td>\n<\/tr>\n<tr>\n<td style=\"width: 100%; text-align: center;\" width=\"169\">DUFFORT<\/td>\n<\/tr>\n<tr>\n<td style=\"width: 100%; text-align: center;\" width=\"169\">ESTAMPES<\/td>\n<\/tr>\n<tr>\n<td style=\"width: 100%; text-align: center;\" width=\"169\">HAGET<\/td>\n<\/tr>\n<tr>\n<td style=\"width: 100%; text-align: center;\" width=\"169\">IDRAC RESPAILLES<\/td>\n<\/tr>\n<tr>\n<td style=\"width: 100%; text-align: center;\" width=\"169\">LABEJAN<\/td>\n<\/tr>\n<tr>\n<td style=\"width: 100%; text-align: center;\" width=\"169\">LAGUIAN MAZOUS<\/td>\n<\/tr>\n<tr>\n<td style=\"width: 100%; text-align: center;\" width=\"169\">MALABAT<\/td>\n<\/tr>\n<tr>\n<td style=\"width: 100%; text-align: center;\" width=\"169\">MANAS BASTANOUS<\/td>\n<\/tr>\n<tr>\n<td style=\"width: 100%; text-align: center;\" width=\"169\">MIRAMONT D ASTARAC<\/td>\n<\/tr>\n<tr>\n<td style=\"width: 100%; text-align: center;\" width=\"169\">MONCASSIN<\/td>\n<\/tr>\n<tr>\n<td style=\"width: 100%; text-align: center;\" width=\"169\">MONT DE MARRAST<\/td>\n<\/tr>\n<tr>\n<td style=\"width: 100%; text-align: center;\" width=\"169\">MONTAUT D ASTARAC<\/td>\n<\/tr>\n<tr>\n<td style=\"width: 100%; text-align: center;\" width=\"169\">MONTEGUT ARROS<\/td>\n<\/tr>\n<tr>\n<td style=\"width: 100%; text-align: center;\" width=\"169\">SADEILLAN<\/td>\n<\/tr>\n<tr>\n<td style=\"width: 100%; text-align: center;\" width=\"169\">SAINT DODE<\/td>\n<\/tr>\n<tr>\n<td style=\"width: 100%; text-align: center;\" width=\"169\">SAINT ELIX THEUX<\/td>\n<\/tr>\n<tr>\n<td style=\"width: 100%; text-align: center;\" width=\"169\">SAINT MARTIN<\/td>\n<\/tr>\n<tr>\n<td style=\"width: 100%; text-align: center;\" width=\"169\">SAINT MEDARD<\/td>\n<\/tr>\n<tr>\n<td style=\"width: 100%; text-align: center;\" width=\"169\">SAINT MICHEL<\/td>\n<\/tr>\n<tr>\n<td style=\"width: 100%; text-align: center;\" width=\"169\">SAINT OST<\/td>\n<\/tr>\n<tr>\n<td style=\"width: 100%; text-align: center;\" width=\"169\">SAINTE AURENCE CAZAUX<\/td>\n<\/tr>\n<tr>\n<td style=\"width: 100%; text-align: center;\" width=\"169\">SARRAGUZAN<\/td>\n<\/tr>\n<tr>\n<td style=\"width: 100%; text-align: center;\" width=\"169\">SAUVIAC<\/td>\n<\/tr>\n<tr>\n<td style=\"width: 100%; text-align: center;\" width=\"169\">VILLECOMTAL SUR ARROS<\/td>\n<\/tr>\n<tr>\n<td style=\"width: 100%; text-align: center;\" width=\"169\">VIOZAN<\/td>\n<\/tr>\n<tr>\n<td style=\"width: 100%; text-align: center;\" width=\"169\">CdC ASTRARAC ARROS EN GASCOGNE<\/td>\n<\/tr>\n<tr>\n<td style=\"width: 100%; text-align: center;\">Syndicat Territoire Energie Gers<\/td>\n<\/tr>\n<tr>\n<td style=\"width: 100%; text-align: center;\">Syndicat Mixte 3 Vall\u00e9es<\/td>\n<\/tr>\n<\/tbody>\n<\/table>\n<\/div>\n<\/div><\/div><\/div><\/div><div id=\"pg-55-2\"  class=\"panel-grid panel-no-style\" ><div id=\"pgc-55-2-0\"  class=\"panel-grid-cell\" ><div id=\"panel-55-2-0-0\" class=\"so-panel widget widget_sow-editor panel-first-child\" data-index=\"4\" ><div\n\t\t\t\n\t\t\tclass=\"so-widget-sow-editor so-widget-sow-editor-base\"\n\t\t\t\n\t\t><h3 class=\"widget-title\">Labellisation<\/h3>\n<div class=\"siteorigin-widget-tinymce textwidget\">\n\t<p><a href=\"https:\/\/energie-partagee.org\/projets\/erca-energies-renouvelables-et-collectives-en-astarac\/\" target=\"_blank\" rel=\"noopener\"><img loading=\"lazy\" decoding=\"async\" class=\"wp-image-592 alignleft\" src=\"http:\/\/erca32.fr\/wp-content\/uploads\/2022\/02\/Logo-Label-EP-couleur-300x286.png\" alt=\"\" width=\"145\" height=\"138\" srcset=\"https:\/\/erca32.fr\/wp-content\/uploads\/2022\/02\/Logo-Label-EP-couleur-300x286.png 300w, https:\/\/erca32.fr\/wp-content\/uploads\/2022\/02\/Logo-Label-EP-couleur.png 600w\" sizes=\"auto, (max-width: 145px) 100vw, 145px\" \/><\/a><\/p>\n<p>&nbsp;<\/p>\n<p>ERCA a obtenu sa labellisation Energie Partag\u00e9e en janvier 2022 et figure parmi les centaines d\u2019autres projets citoyens fran\u00e7ais, r\u00e9f\u00e9renc\u00e9s sur la carte des initiatives citoyennes.<\/p>\n<p>Acc\u00e9dez \u00e0 notre espace en cliquant sur le l'image.<\/p>\n<\/div>\n<\/div><\/div><div id=\"panel-55-2-0-1\" class=\"so-panel widget widget_sow-editor panel-last-child\" data-index=\"5\" ><div\n\t\t\t\n\t\t\tclass=\"so-widget-sow-editor so-widget-sow-editor-base\"\n\t\t\t\n\t\t><h3 class=\"widget-title\">Partenaires<\/h3>\n<div class=\"siteorigin-widget-tinymce textwidget\">\n\t<p>La cr\u00e9ation de la soci\u00e9t\u00e9 ERCA a \u00e9t\u00e9 soutenue dans le cadre de l'appel \u00e0 projet R\u00e9gion \/ ADEME \"Collectivit\u00e9s Pilotes pour le d\u00e9veloppement de projets d'\u00e9nergies renouvelables territoriaux\".<\/p>\n<p><a href=\"https:\/\/www.ademe.fr\/\" target=\"_blank\" rel=\"noopener\"><img loading=\"lazy\" decoding=\"async\" class=\"alignnone wp-image-134\" src=\"http:\/\/erca32.fr\/wp-content\/uploads\/2021\/03\/logo-ademe.png\" alt=\"\" width=\"212\" height=\"119\" \/><\/a> <a href=\"https:\/\/www.laregion.fr\/\" target=\"_blank\" rel=\"noopener\"><img loading=\"lazy\" decoding=\"async\" class=\"alignnone wp-image-135\" src=\"http:\/\/erca32.fr\/wp-content\/uploads\/2021\/03\/logo-region.png\" alt=\"\" width=\"139\" height=\"139\" srcset=\"https:\/\/erca32.fr\/wp-content\/uploads\/2021\/03\/logo-region.png 225w, https:\/\/erca32.fr\/wp-content\/uploads\/2021\/03\/logo-region-150x150.png 150w\" sizes=\"auto, (max-width: 139px) 100vw, 139px\" \/><\/a><\/p>\n<p>Avec le soutien technique de :<\/p>\n<p><a href=\"https:\/\/ec-lr.org\/\" target=\"_blank\" rel=\"noopener\"><img loading=\"lazy\" decoding=\"async\" class=\"alignnone wp-image-136\" src=\"http:\/\/erca32.fr\/wp-content\/uploads\/2021\/03\/logo-eclr.png\" alt=\"\" width=\"194\" height=\"109\" \/><\/a> <a href=\"https:\/\/www.arec-occitanie.fr\/\" target=\"_blank\" rel=\"noopener\"><img loading=\"lazy\" decoding=\"async\" class=\"alignnone wp-image-137\" src=\"http:\/\/erca32.fr\/wp-content\/uploads\/2021\/03\/logo-arec.jpg\" alt=\"\" width=\"124\" height=\"124\" srcset=\"https:\/\/erca32.fr\/wp-content\/uploads\/2021\/03\/logo-arec.jpg 200w, https:\/\/erca32.fr\/wp-content\/uploads\/2021\/03\/logo-arec-150x150.jpg 150w\" sizes=\"auto, (max-width: 124px) 100vw, 124px\" \/><\/a><img loading=\"lazy\" decoding=\"async\" class=\"alignnone wp-image-138\" src=\"http:\/\/erca32.fr\/wp-content\/uploads\/2021\/03\/logo-sivom.jpg\" alt=\"\" width=\"197\" height=\"151\" \/> <a href=\"http:\/\/www.sdeg32.fr\/\" target=\"_blank\" rel=\"noopener\"><img loading=\"lazy\" decoding=\"async\" class=\"alignnone wp-image-139\" src=\"http:\/\/erca32.fr\/wp-content\/uploads\/2021\/03\/logo-sdeg.jpg\" alt=\"\" width=\"161\" height=\"156\" \/><\/a><a href=\"https:\/\/www.cdcaag.fr\/\" target=\"_blank\" rel=\"noopener\"><img loading=\"lazy\" decoding=\"async\" class=\"alignnone wp-image-516\" src=\"http:\/\/erca32.fr\/wp-content\/uploads\/2021\/10\/logo-AAG-212x300.jpg\" alt=\"\" width=\"131\" height=\"185\" srcset=\"https:\/\/erca32.fr\/wp-content\/uploads\/2021\/10\/logo-AAG-212x300.jpg 212w, https:\/\/erca32.fr\/wp-content\/uploads\/2021\/10\/logo-AAG.jpg 332w\" sizes=\"auto, (max-width: 131px) 100vw, 131px\" \/> <\/a><\/p>\n<\/div>\n<\/div><\/div><\/div><\/div><\/div>","protected":false},"excerpt":{"rendered":"<p>NOM PRENOM Bayle Annette Bourdall\u00e9 Annie Dazet Jean-Claude Desmet Christophe Doz Jean-Fran\u00e7ois Ducombs Ezilda Dupouy Kelly Eberland Pierre Esterez Michel Falceto Christian Febvre Corentin Fonvielle Alain Fourcade Christian Fourni\u00e9 Am\u00e9lie Goujon Aline Gouzenne Fabien Jov\u00e9 David Laffitte Jean-Michel Lartigue Claire Le Goulven M\u00e9lanie Le Mao Jean-Marc Lescure Audrey Mailhos Carole Mandron Edith Maumus Jean-Jacques Montauban [&hellip;]<\/p>\n","protected":false},"author":1,"featured_media":11,"parent":0,"menu_order":0,"comment_status":"closed","ping_status":"closed","template":"templates\/template-full.php","meta":{"footnotes":""},"class_list":["post-55","page","type-page","status-publish","has-post-thumbnail","hentry","post","post-with-thumbnail","post-with-thumbnail-large"],"_links":{"self":[{"href":"https:\/\/erca32.fr\/index.php\/wp-json\/wp\/v2\/pages\/55","targetHints":{"allow":["GET"]}}],"collection":[{"href":"https:\/\/erca32.fr\/index.php\/wp-json\/wp\/v2\/pages"}],"about":[{"href":"https:\/\/erca32.fr\/index.php\/wp-json\/wp\/v2\/types\/page"}],"author":[{"embeddable":true,"href":"https:\/\/erca32.fr\/index.php\/wp-json\/wp\/v2\/users\/1"}],"replies":[{"embeddable":true,"href":"https:\/\/erca32.fr\/index.php\/wp-json\/wp\/v2\/comments?post=55"}],"version-history":[{"count":114,"href":"https:\/\/erca32.fr\/index.php\/wp-json\/wp\/v2\/pages\/55\/revisions"}],"predecessor-version":[{"id":675,"href":"https:\/\/erca32.fr\/index.php\/wp-json\/wp\/v2\/pages\/55\/revisions\/675"}],"wp:featuredmedia":[{"embeddable":true,"href":"https:\/\/erca32.fr\/index.php\/wp-json\/wp\/v2\/media\/11"}],"wp:attachment":[{"href":"https:\/\/erca32.fr\/index.php\/wp-json\/wp\/v2\/media?parent=55"}],"curies":[{"name":"wp","href":"https:\/\/api.w.org\/{rel}","templated":true}]}}